be x(-6). Let p = y - 9. What is o(p)?
3
Suppose 2*f + x - 10 = 0, -4*x - 3 = -4*f + 5. Let b(v) = -v + f*v + 15 - 25. What is b(7)?
11
Let n(s) = 4*s - 2. Let a(k) = -k**2 + 11*k - 3. Let m be a(11). Let h(o) = o**3 + 4*o**2 + 2*o - 2. Let i be h(m). Let x be (2 - 1)*(i - -1). Give n(x).
6
Let b(z) = z**3 - 10*z**2 + 18*z + 17. Let j(m) = m**3 - 9*m**2 + 19*m + 17. Let p(a) = -6*b(a) + 5*j(a). Calculate p(14).
-3
Suppose 88 - 440 = 32*r. Let l(y) = -y**3 - 12*y**2 - 9*y - 16. What is l(r)?
-38
Let r(u) = 2*u**2 + u**3 + 4*u + 75 + 73 - 144. What is r(-3)?
-17
Let y be ((-35)/(-15) + -2)*24. Let l(w) = w - 10. Give l(y).
-2
Let t(q) = q**2 - 22*q + 5. Let k(d) = -d**2 + 27*d - 5. Let p(g) = -3*k(g) - 4*t(g). What is p(9)?
-23
Let m(x) be the third derivative of -x**4/24 + x**3/3 + 3*x**2 - 5. What is m(0)?
2
Let i be 1 - (4*3)/2. Let h(x) = 13*x + 36. Let d(m) = -9*m - 24. Let v(c) = 10*d(c) + 7*h(c). Give v(i).
7
Let a be (-1 - 9/(-12))*-8. Let g be 45/30 - (-1)/a. Let d(h) = 2 - 7*h**2 - 3 + 22*h**g. What is d(-1)?
14
Let w(x) = -x**2 + 6*x - 9. Suppose 12*v - 40 = 7*v. Calculate w(v).
-25
Suppose 5*f - 25 = -2*b - 3*b, 3*f = 6. Suppose 0 = k + 2*v - 1, -5*v - 8 = 4*k - b*k. Let u(g) = g**3 - 7*g**2 + g - 9. Determine u(k).
-2
Let q(p) = p**3 + 2*p**2 + 1. Let w(n) = -5*n**3 - 16*n**2 + 8*n. Let b(k) = -4*q(k) - w(k). Determine b(-9).
-13
Let x(g) be the first derivative of g**3/3 + 3*g**2/2 - 2*g + 16. Let h be x(-4). Let v(d) = 2 - 2*d + 3*d**2 - d**3 - 3*d**3 + 2*d**3. Give v(h).
-6
Let q(w) = w**2 + w + 5. Let i = 397 + -397. What is q(i)?
5
Let p = 11 + -11. Let d(w) = 2*w + 4 + p*w - w. Give d(-3).
1
Suppose 0 = 2*c + 13 + 1. Let d(l) = -l**2 - 8*l + 6. Calculate d(c).
13
Let n = 13 + -10. Suppose 2*q = 5*m - 102, 2*q - 23 = -n*m + 51. Let w(o) = 22 - m - o. Determine w(1).
-1
Let h(l) be the second derivative of 1/12*l**4 - 3/2*l**2 + 0 + 30*l + 0*l**3. Determine h(4).
13
Let y = 7 - -3. Suppose 0 = -2*u - 2*m - 4, 0 = u + 3*m + y. Let p(w) = 2 - 5 + 5 + 2*w - w**u. What is p(3)?
-1
Let g(f) = f**2 + 4*f - 5. Let a(u) = u**3 - 8*u**2 + 10*u + 7. Suppose 2*k = 6*k - 5*z - 4, -2*z = -k - 2. Let o be a(k). What is g(o)?
0
Let g = 6 - 0. Suppose -5*z + g = -7*z. Let r(j) = 3*j + 3. Give r(z).
-6
Suppose 3*k = 18 - 6. Let u(h) = -6*h + 2*h - h**3 + 9*h**2 + 0*h**3 - k*h**2. Determine u(5).
-20
Suppose -4*t = -3*g + t - 4, -3*t = -g + 4. Let v(d) = d**2 + 12*d + 8. Determine v(g).
-24
Let t(m) = -9*m - 40. Let d(x) = -4*x - 19. Let l(r) = -13*d(r) + 6*t(r). Let w(o) = o - 3. Let s(c) = -3*l(c) - 5*w(c). Calculate s(8).
2
Let k = -28 + 30. Let y(s) = 0 + 0 - 4 + 3 - 13*s**3 + 2*s**k. What is y(-1)?
14
Let n(o) = o**3 - 2*o**3 - 4*o - 2*o**2 - 3*o**2 + 2*o - 3. Let p(r) = r**2 - 6*r - 3*r + 22*r - 8*r. Let x be p(-4). What is n(x)?
-11
Let q(p) = p**2 + 11*p + 6. Suppose 96*x - 95*x + 9 = 0. Give q(x).
-12
Let u(v) = 2*v**2 + 5*v - 3. Suppose -2*d = -42 + 2. Suppose -4*w - w - d = 0. Calculate u(w).
9
Suppose -30 = 4*h - 10. Let w(l) = -2*l**2 - 6*l + 1. Give w(h).
-19
Suppose 7*p + 60 = p. Let f = 16 + p. Suppose f = -m + 1. Let j(v) = -v**3 - 6*v**2 - 5*v + 5. Determine j(m).
5
Let b(j) = 7*j**3 - j**2 + 2. Let w(q) = -q**3 - q**2 - q - 1. Let r(y) = -b(y) - 8*w(y). Let c be -2 + -4 + (-2)/1. Give r(c).
6
Suppose -10*m = 4*m. Let y(c) = 2*c - 6. What is y(m)?
-6
Suppose -20*o + 10 = -15*o. Let q(i) = -3*i**2 + 2*i - 3*i + 0*i**2 + i**o + 10*i**3. Let y = -1 - 0. Give q(y).
-11
Let o(t) be the first derivative of 3/2*t**2 + 1/3*t**3 + 10 + 0*t. Calculate o(-4).
4
Let u = 94 - 94. Let j(z) = -44*z + 12 - 39*z + 82*z + u. Give j(5).
7
Let h(i) = -63*i - 1. Let a be (-6)/51 + 3*(-152)/(-408). Determine h(a).
-64
Let i(m) = -m**2 - 3*m + 2. Let z = -58 + 101. Let o be (1 - z)*(-17)/34. Let h = -24 + o. Determine i(h).
2
Let n(g) be the first derivative of -1 - 3*g - 5/3*g**3 + 3*g**2 + 1/4*g**4. Let h = 30 - 26. Calculate n(h).
5
Let n(t) be the third derivative of -t**5/30 - t**4/12 - 12*t**2. Let s(c) = -5*c**2 - 3*c - 1. Let z(g) = -7*n(g) + 3*s(g). Calculate z(3).
3
Let h(q) = q**2 - 13*q + 14. Let t be h(12). Let j(r) = 7*r + t - 44*r**3 - 7*r + 42*r**3. Calculate j(-2).
18
Suppose 4*m + 2 = 5*u, 8 = m + 3*u - 0*u. Let c(o) = 20*o - 19 + 22 + o**m - 6*o. Let p be c(-14). Let b(f) = -f**3 + 4*f**2 - 3*f + 2. What is b(p)?
2
Let f be 0/((-2 + 8)/3). Let z(u) = f + u**3 - 2 + 5 - u. Let g(d) = -9*d - 45. Let w be g(-5). Determine z(w).
3
Let q(j) be the second derivative of 1/2*j**2 + 0 + 5/12*j**4 + 0*j**3 - 4*j. Let p be -1 + (3 - (1 + 0)). Calculate q(p).
6
Suppose -y = 6 - 8. Let q(a) = 2*a + 8 - a**3 - 20*a + 11*a**y + 7*a. Determine q(10).
-2
Let w(k) = k. Suppose 5*i + 90 = 2*z, 0*z - 18 = i - 2*z. Let c be (-174)/54 + (-4)/i. Determine w(c).
-3
Let p = 342 + -342. Let d(r) = -r**2 - 5. Determine d(p).
-5
Let j(o) = -o**2 - 7*o - 1. Let u(m) = 2*m**2 + 28*m + 6. Let v(g) = -4*j(g) - u(g). Calculate v(-2).
6
Suppose 2*t - 260 = 4*w, 3*w - 4 = 11. Let d be (-5)/((t/8)/(-7)). Let o(n) = 2*n**3 - n**2 - 3*n + 3. Determine o(d).
9
Suppose 0 = -p + 6 - 2. Let z(x) = x + 0*x + 0*x**2 - 10*x**2 + 8 + 6*x**2. Let n(y) = 3*y**2 - 7. Let r(a) = -5*n(a) - 4*z(a). Give r(p).
3
Let y(v) be the second derivative of -v**5/20 - v**4 - 11*v**3/6 - v**2/2 + 180*v. What is y(-11)?
-1
Suppose 21*b = 81*b + 480. Let j(g) = g - 15. Determine j(b).
-23
Let g(d) be the second derivative of 3*d**5/20 - d**4/12 - d**3/6 + 90*d. What is g(2)?
18
Let m(v) = -2*v**3 - 2*v**2 - 1. Suppose 4*n = z + 18, 3*n - 2*z - 10 = 1. Suppose -n*t = -2*t + 6. Calculate m(t).
7
Suppose 3*l - 4*l - 4 = 0. Let y(w) = -w**2 + 2*w + 2*w + 3*w**2 - 4 + 0*w**2. What is y(l)?
12
Let h(l) = 3*l + 7. Let b = -413 + 408. Calculate h(b).
-8
Let l(n) = -5*n - 26. Let j(v) = -3*v - 13. Let q(m) = -7*j(m) + 4*l(m). What is q(11)?
-2
Let v(l) = -l**3 + 7*l**2 - 7*l + 6. Let z(k) = -2*k - 26. Let p(h) = -18*h**2 - 3*h - 1. Let m be p(-1). Let j be z(m). Calculate v(j).
0
Let y = -12 - -8. Suppose 4*g + 5*p = -17 + 74, -2*g + 6 = -2*p. Let r(k) = 5*k**2 - 2*k**2 + k**3 + 4 - g - 4*k. Determine r(y).
-4
Let f(y) = y + 24. Suppose -11*j - 432 = 13*j. Calculate f(j).
6
Let f(u) = -134 - 142 - 139 - u**3 + 426 + 14*u - 10*u**2. Determine f(-11).
-22
Suppose 1 = -f + 2. Suppose -4*j - f = -5*j. Let z(i) = i**3 - i**2 + i. Let h be z(j). Let k(g) = -10*g**2 - g + 1. What is k(h)?
-10
Let q = 2382 - 2389. Let w(a) = a**3 - 14*a - 14. Let s(z) = -z**2 - z - 1. Let r(g) = 6*s(g) - w(g). Calculate r(q).
1
Let f(m) be the third derivative of 2/3*m**3 + 1/12*m**4 + 0*m - m**2 + 0. Suppose -n - 9 = -k + 4*n, -2*n - 12 = k. Give f(k).
-8
Let a(w) = w**3 - 2*w**2 + 1. Let q(j) = -j**3 + 5*j**2 + 4*j - 2. Let g(l) = 2*a(l) + q(l). Give g(-3).
-30
Let c = 31 - 31. Let x(u) = c*u**3 - u**3 + 0 + u - 2 + 0*u**2 - 2*u**2. Give x(-3).
4
Let u(l) = -l - 45. Let g(t) = -t - 68. Let h(d) = -5*g(d) + 7*u(d). What is h(13)?
-1
Let r(f) = 11*f**2 - 10*f + 6. Let l(p) = 2*p - 18. Let a be l(12). Let q(g) = -5*g**2 + 5*g - 3. Let w(t) = a*r(t) + 13*q(t). Determine w(-6).
3
Let h(z) = -z**3 - z**2 + z. Suppose -5 + 1 = 2*y. Let c be h(y). Let u(b) = 2*b**2. Calculate u(c).
8
Let t(x) be the second derivative of 7*x**5/10 + x**4/12 + x**3/6 - 18*x. Let f = 27 - -1. Let o = -29 + f. Determine t(o).
-14
Let q = 381 - 375. Let w(u) = -10*u**3 - 8 + 8*u - 7*u**2 + 11*u**3 - 1. What is w(q)?
3
Suppose -3*s - 29 = -5*b, 4*s + 15*b - 4 = 11*b. Let n(y) be the third derivative of -y**6/120 - y**5/20 + y**4/24 + 2*y**3/3 - y**2. What is n(s)?
1
Let i = -31 - -39. Let x(h) = -13*h + 4*h - h**2 - 11 + i. Determine x(-8).
5
Let l(g) = g**2 - 6*g + 1. Let i(a) = -a**2 + a + 11. Let u be i(0). Let k be u + 1/(-2)*6. Let z(f) = f**2 - 7*f - 3. Let q be z(k). Determine l(q).
-4
Let z(f) = -f + 14. Let v be z(12). Suppose -7 - 6 = -v*q - 5*d, -q - 3*d = -7. Suppose q = 2*p - 3*c + c, 3*p - 2 = 5*c. Let a(n) = 5*n - 3. Give a(p).
17
Let v(i) = -5*i - 22. Suppose -5*z - c = 18 + 7, 5 = c. Give v(z).
8
Suppose 90 = -2*t + 76. Let i be -1 - t - (-6 - -8). Let p(y) = -y**2 + y + 5. Determine p(i).
-7
Suppose -2*v = 0, -4*v = -10*r + 13*r + 21. Let x(m) = m**2 + 9*m. Determine x(r).
-14
Let m(x) = 2*x**3 - 2*x**2 + 5*x + 52. Let h(n) = n**3 - n*